(32/(-6))/(f/15). Calculate the greatest common divisor of z and 40.
8
Let d(b) = 34*b - 2. Let w be d(5). What is the greatest common divisor of 21 and w?
21
Let v = -99 - -169. Let h(b) = 28*b. Let x be h(1). Calculate the highest common factor of x and v.
14
Suppose -3*j - 18 = -2*c - 68, 3*j - 4*c = 52. Suppose 22 = -d - 3*f, -5*d - f - 70 = -j. Let t be 205/25 + 2/d. What is the greatest common factor of t and 72?
8
Suppose -4*d = d - 70. Suppose -1 = c - 6. Suppose n - 148 = 2*z, -c*n + 937 = 2*z + 161. What is the greatest common divisor of n and d?
14
Suppose 263 = 5*j - 57. Let k(f) = 8*f - 4 + 2*f**3 - 7*f**2 + 0*f - f**3. Let h be k(6). Calculate the greatest common divisor of j and h.
8
Suppose -g + 65 = 3*q, 6*g - 3*q = 9*g - 201. Calculate the highest common divisor of g and 102.
34
Let n be 2/((3/(-7))/(-3)). Suppose -5*r + 0*r = 35. Let q = r + n. Calculate the greatest common divisor of 63 and q.
7
Let u(k) = -k + 12. Let y(s) = 2*s - 13. Let f(h) = -5*u(h) - 4*y(h). Let p be f(-6). Calculate the greatest common divisor of 50 and p.
10
Suppose 3*v - 2*o - 86 = 0, 2*o = v + 5*o - 36. Suppose 0*x - 10 = -x. Calculate the greatest common factor of x and v.
10
Let n = -3 - -6. Suppose 16 = 2*s + n*l - l, 2*s - 31 = -5*l. What is the highest common factor of s and 30?
3
Let p = -41 + 87. Calculate the highest common divisor of p and 230.
46
Suppose 2*z = -z - 12. Let q be (z/(-6))/((-8)/(-156)). Suppose 91 = t - 0*t. Calculate the greatest common factor of q and t.
13
Let y(b) = -b**3 - 7*b**2 + b + 9. Let h be y(-7). Suppose h*n + n = -6. Let g = 20 - n. Calculate the greatest common factor of 55 and g.
11
Suppose -2*b + 255 = 3*z, 7*b - 654 = 2*b - 2*z. What is the greatest common divisor of b and 12?
12
Suppose -3*c - c + 165 = 3*p, -5*p = -15. Let f = 12 + c. Calculate the highest common divisor of f and 34.
17
Suppose 5*g - 2 = 2*t, 3*g + 8 + 4 = -t. Let h = 4 + t. Let w = h - -9. Calculate the greatest common factor of 21 and w.
7
Let y be (0 + (-1)/2)*2. Let p = 5 + y. Let r be 0 - (-1)/(3/96). Calculate the highest common factor of p and r.
4
Suppose 3*v - 520 = 8*v. Let s be v/(-20) - (-2)/(-10). What is the highest common factor of 40 and s?
5
Let v be ((-8)/(-10))/(17/765). Calculate the greatest common divisor of 18 and v.
18
Suppose 12*s - 15*s - r = -269, 3*s - 2*r - 281 = 0. What is the highest common factor of s and 14?
7
Let g = -30 + 19. Let j = -6 - g. Suppose -y + 8 - j = 0. What is the highest common factor of y and 15?
3
Let v(g) = -1 + g**2 - 1 + 1 - 4 - 5*g. Let l be v(6). Let d be -2 + l - (-178)/2. What is the highest common factor of 11 and d?
11
Suppose 4*d - 205 = -5*f, f - 55 = -d - f. Let o = -27 + d. What is the greatest common divisor of 9 and o?
9
Let z(c) be the third derivative of -25*c**4/24 - c**3/2 + 5*c**2. Let r be z(-3). What is the greatest common divisor of 9 and r?
9
Let g = 3 - 1. Suppose -4*y - 42 + 2 = -4*n, g*y = -n - 5. Suppose n*k - 4*k - 5 = 0. What is the highest common factor of 5 and k?
5
Let c = 0 + 0. Suppose 3*o + 0*m - 131 = -2*m, o - m - 47 = c. Let h = -13 + 22. Calculate the greatest common factor of h and o.
9
Suppose 0*o + 10 = -o. Let b be ((-2)/(-4))/((-5)/o). Let p be -3*b - 2*-3. What is the greatest common divisor of 6 and p?
3
Suppose 2*p - 2*r = 0, 2*p + r + 12 = -r. Let i be 4*2*p/12. Let c(t) = -t**3 - 2*t**2 - 2*t + 2. Let s be c(i). What is the highest common divisor of 2 and s?
2
Let n(c) = -c**3 + 7*c + c**2 + 19 - 10*c**2 - 5 + 2*c. Let s be n(-10). Calculate the highest common divisor of s and 60.
12
Suppose -3*s + 260 = -4*w + 3*w, 0 = 5*s + 3*w - 452. What is the greatest common factor of 44 and s?
44
Let r be (-4)/((-3)/3 - -3). Let w be (3 - 3)/r - -3. Suppose -7*f + 24 = -w*f. Calculate the greatest common factor of f and 3.
3
Let v = 1 + 5. What is the greatest common divisor of 30 and v?
6
Let s be (-3)/(2*3/(-16)). Let h be (6/4)/((-3)/(-6)). Suppose -h*k + 0*k = -m + 21, -k = 3*m - 73. Calculate the greatest common divisor of s and m.
8
Let x = 126 + -70. Calculate the greatest common factor of 7 and x.
7
Let i = 159 - 69. Let u be (-9)/4*(-18 + 2 - 0). Calculate the greatest common factor of i and u.
18
Suppose -185 = -3*b + 5*t, 2*b - 6*t + t - 120 = 0. Calculate the highest common factor of 26 and b.
13
Let k be ((-24)/10 - -2)*-10. Let l = 24 - -12. Calculate the highest common divisor of l and k.
4
Let j be (-1 + 13)/(((-6)/44)/(-1)). Calculate the greatest common divisor of j and 22.
22
Suppose 2*v + 5*z - 53 = -v, -2*v + 2*z = -46. Suppose 0 = i - 0*i - 1, 212 = 5*l + 2*i. What is the greatest common factor of l and v?
21
Let q(x) = x + 15. Let g be q(-14). What is the highest common factor of 1 and g?
1
Let b be 5/(-15) - (-49)/3. What is the highest common divisor of 16 and b?
16
Let c = 120 + -116. What is the greatest common factor of c and 36?
4
Let y be ((-16)/6)/((-2)/6). Let m(j) = j**2 + 8*j - 9. Let u be m(-9). Suppose 2*p + 9 - 33 = u. What is the greatest common factor of y and p?
4
Let g = -52 + 74. What is the highest common factor of g and 33?
11
Suppose -4*v + 9 + 4 = 3*k, 3*v - 31 = 2*k. Let x be (175 + v)*(-2)/(-4). What is the highest common divisor of x and 13?
13
Suppose -4*d + d + 33 = 0. Suppose 99 = 8*h - 7*h. What is the highest common factor of h and d?
11
Let n = -12 - -37. Calculate the greatest common divisor of n and 10.
5
Let q be (-51)/(-9) + 1/3. Suppose -2*t - q + 28 = 0. Suppose -3*i + 7*i - 484 = 0. Calculate the greatest common factor of t and i.
11
Let b(j) = -5*j. Let g be (-12)/8*4/6. Let m(w) = 1. Let t(r) = g*b(r) - 5*m(r). Let y be t(4). What is the greatest common factor of 10 and y?
5
Let b = -8 + 14. Let f = -91 + 49. Let l be 4/b*f/(-4). Calculate the highest common divisor of l and 77.
7
Let t(z) = 14*z + 2. Let b be t(5). Let g = 131 + -74. Let m = g + -39. What is the highest common factor of m and b?
18
Let l be (-39)/15 - 4/10. Let k(b) = -35*b. Let f be k(l). What is the greatest common divisor of 15 and f?
15
Suppose -2*r = y - 5, -3*r + 11 = -0*r + 5*y. Suppose c - 108 = -2*w, r*w - 2 = 2. What is the greatest common divisor of c and 13?
13
Let j = 26 + -14. Let f(l) = -l**2 + 0*l**2 + 5 + 11 + 13*l. Let i be f(j). What is the greatest common factor of i and 42?
14
Let g = 88 - -100. Let w be g/3 - (-1)/3. Let j be (-2)/7 + 130/14. Calculate the greatest common factor of j and w.
9
Suppose b - 4*u = 18 + 1, -4*u = 16. Suppose -2*q - b*q = p - 58, 5*p - 15 = 0. Calculate the highest common divisor of 121 and q.
11
Let i be 1/((-87)/(-84) + -1). What is the greatest common factor of i and 14?
14
Let n be -2 + -4 + 27/1. Suppose -v + 0 + 2 = 0. Suppose m = -v*p + 19, -11 - 32 = -4*p - 3*m. Calculate the highest common factor of n and p.
7
Suppose l - 18 = 4*q, -2*l + 15 = -6*q + 5*q. Calculate the greatest common factor of 21 and l.
3
Let v be (64/10)/((-30)/(-825)). Calculate the highest common divisor of 11 and v.
11
Let i be (-4)/16*(1 - 9). What is the greatest common factor of i and 3?
1
Let f(r) = -r**3 - 9*r**2 - 8*r - 9. Suppose -2*y + 3*y + 9 = 0. Let w be f(y). What is the highest common factor of 21 and w?
21
Let q(s) = -s**3 + s**2 - s. Let v be q(0). Suppose 3*i = -v*i. Let t be (-1 + 3 - i) + 31. What is the highest common factor of 11 and t?
11
Let f be (-1)/3 + (-124)/(-12)*1. Calculate the greatest common divisor of 5 and f.
5
Suppose 3 = r + 33. Let l be 3 - (2/(-1) + r). What is the highest common factor of 5 and l?
5
Suppose 0 = 74*d - 77*d + 144. Let x = -28 + 60. Calculate the highest common factor of d and x.
16
Let p = 2 + 8. Let n(o) = -o**2 + 8*o - 8. Let h be n(8). Let v be 84/p - h/(-20). What is the greatest common factor of v and 8?
8
Suppose 2 = -2*k, -u = -k - 0*k - 50. Suppose 5*z = 2*g + 29, 0 = z - 3*g + 1 + 1. Calculate the highest common divisor of u and z.
7
Suppose 4*a - a = 0. Suppose -5*k + k + 100 = a. Calculate the highest common factor of 25 and k.
25
Suppose 3*o - 23 = -8. Suppose o*k = -4*r + 61 + 55, -k = -2*r + 58. What is the highest common divisor of 87 and r?
29
Suppose 5*r + 5*x - 8 = 4*x, -3*r - 2 = 4*x. Let t = 1 + r. What is the greatest common factor of t and 33?
3
Suppose 4*q = 3*q - 90. Let v be (1 + -2)/((-2)/36). Let d = v 